{"id":36,"date":"2026-05-13T00:43:24","date_gmt":"2026-05-13T03:43:24","guid":{"rendered":"http:\/\/mundocapacitacion.com.ar\/?page_id=36"},"modified":"2026-05-15T00:16:06","modified_gmt":"2026-05-15T03:16:06","slug":"historia-y-politica","status":"publish","type":"page","link":"https:\/\/mundocapacitacion.com.ar\/?page_id=36","title":{"rendered":"Historia y Politica"},"content":{"rendered":"\r\n<p>Bienvenido al curso administrado de <strong>Mundo Capacitacion<\/strong>, Ud podr\u00e1 tomar los cursos desde su domicilio o donde quiera individualmente o en grupo, Ud. obtendr\u00e1 una clave con validez durante todo el curso para poder capacitarse sobre la historia argentina y el radicalismo. La clave le permitir\u00e1 acceder a los siguientes contenidos.<\/p>\r\n\r\n\r\n\r\n<p><strong>100 a\u00f1os de historia entre 1890 &#8211; 1990 dividida en 4 m\u00f3dulos.<\/strong><\/p>\r\n\r\n\r\n\r\n<p>1* Per\u00edodo 1890 &#8211; 1930\u00a0<\/p>\r\n\r\n\r\n\r\n<p>2* Per\u00edodo 1930 &#8211; 1955<\/p>\r\n\r\n\r\n\r\n<p>3* Per\u00edodo 1955 &#8211; 1976<\/p>\r\n\r\n\r\n\r\n<p>4* Per\u00edodo 1976 &#8211; 1990<\/p>\r\n\r\n\r\n\r\n<p><strong>El manual 100 a\u00f1os en pocas hojas<\/strong><\/p>\r\n\r\n\r\n\r\n<p>Conteniendo los principales ejes de estudio de los 4 bloques hist\u00f3ricos con excelentes fuentes bibliogr\u00e1ficas<\/p>\r\n\r\n\r\n\r\n<p><strong>Material audiovisual<\/strong><\/p>\r\n\r\n\r\n\r\n<p>Con material in\u00e9dito, conteniendo la primer publicidad pol\u00edtica visual de latinoam\u00e9rica sobre la campa\u00f1a de Hip\u00f3lito Yrigoyen en 1928 &#8211; difundida en bi\u00f3grafos de la \u00e9poca &#8211; para el periodo 76 &#8211; 90 la pel\u00edcula La Republica Encontrada &#8211; La otra Historia, unico documental sobre el Gobierno de Raul Alfonsin.<\/p>\r\n\r\n\r\n\r\n<ul class=\"wp-block-list\">\r\n<li>Consignas para fijar los conocimientos con sus respectivas respuestas<\/li>\r\n<li>Cada periodo de estudio hist\u00f3rico esta trabajando con consignas afirmativas o negativas seg\u00fan lo estudiado.<\/li>\r\n<li>Un instructivo con la metodolog\u00eda de estudio y autoadministrado<\/li>\r\n<\/ul>\r\n\r\n\r\n\r\n<p>Si usted est\u00e1 de acuerdo haga click en el siguiente bot\u00f3n para inscribirse al curso y obtener su clave.<\/p>\r\n\r\n\r\n\r\n<p><strong>Valor del curso $40.000 &#8211; simbolico &#8211;<\/strong><\/p>\r\n\r\n\r\n\r\n<p><a href=\"https:\/\/mundocapacitacion.com.ar\/solicitarclave.html\"><strong>Pago e Inscripcion.<\/strong><\/a><\/p>\r\n","protected":false},"excerpt":{"rendered":"<p>Bienvenido al curso administrado de Mundo Capacitacion, Ud podr\u00e1 tomar los cursos desde su domicilio o donde quiera individualmente o en grupo, Ud. obtendr\u00e1 una clave con validez durante todo el curso para poder capacitarse sobre la historia argentina y el radicalismo. La clave le permitir\u00e1 acceder a los siguientes contenidos. 100 a\u00f1os de historia &hellip; <\/p>\n","protected":false},"author":1,"featured_media":0,"parent":0,"menu_order":0,"comment_status":"closed","ping_status":"closed","template":"","meta":{"footnotes":""},"class_list":["post-36","page","type-page","status-publish","hentry"],"_links":{"self":[{"href":"https:\/\/mundocapacitacion.com.ar\/index.php?rest_route=\/wp\/v2\/pages\/36","targetHints":{"allow":["GET"]}}],"collection":[{"href":"https:\/\/mundocapacitacion.com.ar\/index.php?rest_route=\/wp\/v2\/pages"}],"about":[{"href":"https:\/\/mundocapacitacion.com.ar\/index.php?rest_route=\/wp\/v2\/types\/page"}],"author":[{"embeddable":true,"href":"https:\/\/mundocapacitacion.com.ar\/index.php?rest_route=\/wp\/v2\/users\/1"}],"replies":[{"embeddable":true,"href":"https:\/\/mundocapacitacion.com.ar\/index.php?rest_route=%2Fwp%2Fv2%2Fcomments&post=36"}],"version-history":[{"count":12,"href":"https:\/\/mundocapacitacion.com.ar\/index.php?rest_route=\/wp\/v2\/pages\/36\/revisions"}],"predecessor-version":[{"id":402,"href":"https:\/\/mundocapacitacion.com.ar\/index.php?rest_route=\/wp\/v2\/pages\/36\/revisions\/402"}],"wp:attachment":[{"href":"https:\/\/mundocapacitacion.com.ar\/index.php?rest_route=%2Fwp%2Fv2%2Fmedia&parent=36"}],"curies":[{"name":"wp","href":"https:\/\/api.w.org\/{rel}","templated":true}]}}